14 (base 5) in base 7?
46
What is 1100100 (base 2) in base 4?
1210
What is 20 (base 6) in base 15?
c
Convert 0 (base 10) to base 9.
0
Convert -50 (base 6) to base 3.
-1010
What is 24 (base 9) in base 7?
31
-4 (base 6) to base 7
-4
10010 (base 2) to base 4
102
What is 210 (base 4) in base 16?
24
Convert -155 (base 6) to base 16.
-47
What is 4 (base 15) in base 14?
4
-62 (base 7) to base 5
-134
What is -b (base 16) in base 11?
-10
Convert -13b (base 13) to base 16.
-db
What is -23 (base 10) in base 9?
-25
What is b (base 15) in base 10?
11
Convert 25 (base 11) to base 3.
1000
What is -1104 (base 5) in base 2?
-10011010
What is -90 (base 11) in base 4?
-1203
120 (base 12) to base 2
10101000
94 (base 16) to base 4
2110
-62 (base 10) to base 9
-68
Convert -1 (base 11) to base 15.
-1
What is -2 (base 11) in base 15?
-2
Convert 33 (base 7) to base 2.
11000
-10011 (base 3) to base 12
-71
4 (base 6) to base 5
4
What is 6 (base 12) in base 8?
6
What is 31 (base 8) in base 3?
221
-2 (base 10) to base 13
-2
-1 (base 7) to base 3
-1
1 (base 11) to base 12
1
-21 (base 5) to base 12
-b
Convert 0 (base 13) to base 12.
0
What is -20 (base 8) in base 3?
-121
What is -1121 (base 3) in base 13?
-34
What is 111101 (base 2) in base 13?
49
c (base 14) to base 15
c
Convert 5 (base 11) to base 5.
10
What is -8 (base 9) in base 8?
-10
What is 1 (base 5) in base 12?
1
Convert -1 (base 8) to base 10.
-1
Convert 2 (base 7) to base 14.
2
Convert -156 (base 10) to base 13.
-c0
What is 30 (base 4) in base 11?
11
1b (base 12) to base 3
212
What is -112 (base 3) in base 14?
-10
-542 (base 6) to base 8
-316
Convert -31 (base 4) to base 3.
-111
Convert -98 (base 15) to base 13.
-b0
Convert 12 (base 10) to base 7.
15
Convert 0 (base 13) to base 9.
0
42 (base 5) to base 14
18
What is -2 (base 7) in base 3?
-2
Convert -4 (base 9) to base 11.
-4
Convert -ba (base 14) to base 4.
-2210
Convert 40 (base 7) to base 3.
1001
What is 514 (base 8) in base 11?
282
Convert -79 (base 11) to base 13.
-68
-51 (base 8) to base 15
-2b
What is -1321 (base 4) in base 14?
-89
What is -1 (base 12) in base 6?
-1
What is -21 (base 6) in base 12?
-11
28 (base 13) to base 3
1021
2 (base 3) to base 8
2
Convert -4 (base 14) to base 4.
-10
Convert -a5 (base 12) to base 14.
-8d
210 (base 6) to base 10
78
Convert c (base 15) to base 7.
15
-24 (base 13) to base 10
-30
What is -101 (base 4) in base 5?
-32
What is -106 (base 7) in base 5?
-210
Convert -22 (base 14) to base 7.
-42
What is 0 (base 14) in base 5?
0
223 (base 6) to base 12
73
Convert 1 (base 9) to base 15.
1
Convert -43 (base 8) to base 9.
-38
Convert -221 (base 4) to base 11.
-38
Convert 1 (base 14) to base 7.
1
-1 (base 9) to base 15
-1
Convert -212 (base 7) to base 6.
-255
Convert -5b (base 12) to base 2.
-1000111
Convert -47 (base 13) to base 7.
-113
What is 6 (base 9) in base 16?
6
2 (base 16) to base 12
2
What is -216 (base 7) in base 11?
-a1
20 (base 5) to base 2
1010
What is -106 (base 11) in base 12?
-a7
-20 (base 3) to base 12
-6
Convert 28 (base 12) to base 5.
112
What is -100 (base 2) in base 10?
-4
What is 58 (base 15) in base 2?
1010011
-8e (base 16) to base 2
-10001110
Convert -4 (base 7) to base 11.
-4
Convert -12 (base 12) to base 4.
-32
15 (base 13) to base 15
13
111110 (base 2) to base 13
4a
Convert -1d (base 14) to base 2.
-11011
100 (base 5) to base 15
1a
What is -138 (base 12) in base 16?
-bc
What is -2 (base 8) in base 4?
-2
What is -21 (base 5) in base 10?
-11
4a (base 12) to base 9
64
What is -4b (base 16) in base 10?
-75
What is 41 (base 7) in base 12?
25
110 (base 4) to base 2
10100
What is -19 (base 10) in base 9?
-21
Convert 1112 (base 3) to base 6.
105
What is b (base 16) in base 9?
12
-10 (base 2) to base 13
-2
Convert -82 (base 9) to base 5.
-244
What is -125 (base 12) in base 5?
-1143
What is -30 (base 6) in base 2?
-10010
Convert 10 (base 15) to base 16.
f
2 (base 11) to base 16
2
What is 4 (base 9) in base 6?
4
Convert 67 (base 8) to base 9.
61
Convert 1 (base 6) to base 13.
1
2 (base 12) to base 14
2
What is -26 (base 10) in base 13?
-20
What is 11 (base 3) in base 6?
4
Convert 11 (base 4) to base 2.
101
Convert -55 (base 15) to base 8.
-120
What is 100000 (base 2) in base 6?
52
2220 (base 3) to base 4
1032
-2 (base 4) to base 16
-2
6 (base 14) to base 7
6
Convert 35 (base 9) to base 12.
28
2 (base 14) to base 10
2
What is -140 (base 11) in base 8?
-245
Convert -197 (base 12) to base 11.
-216
What is -19 (base 11) in base 10?
-20
Convert 10 (base 2) to base 14.
2
-3 (base 15) to base 12
-3
-37 (base 12) to base 9
-47
-1 (base 16) to base 8
-1
-21 (base 10) to base 16
-15
Convert -6 (base 7) to base 15.
-6
-102 (base 4) to base 9
-20
Convert 112 (base 3) to base 10.
14
Convert 0 (base 2) to base 9.
0
Convert 23 (base 14) to base 15.
21
Convert 20 (base 12) to base 4.
120
-1 (base 12) to base 14
-1
What is 1 (base 10) in base 3?
1
3 (base 16) to base 10
3
-9 (base 16) to base 10
-9
-125 (base 11) to base 7
-301
-186 (base 11) to base 15
-e5
Convert -2 (base 13) to base 11.
-2
Convert 7 (base 14) to base 9.
7
What is -111100 (base 2) in base 12?
-50
What is -11000 (base 3) in base 11?
-99
Convert -c (base 15) to base 7.
-15
Convert -101 (base 2) to base 7.
-5
What is 2 (base 11) in base 15?
2
-3 (base 6) to base 8
-3
Convert 132 (base 4) to base 16.
1e
111 (base 2) to base 9
7
Convert 133 (base 6) to base 4.
321
Convert -2 (base 16) to base 12.
-2
What is a (base 12) in base 6?
14
What is -113 (base 4) in base 10?
-23
What is 132 (base 6) in base 3?
2002
What is 1 (base 6) in base 15?
1
-1 (base 3) to base 12
-1
Convert -14 (base 12) to base 10.
-16
39 (base 10) to base 2
100111
-5 (base 14) to base 4
-11
Convert -64 (base 16) to base 13.
-79
Convert 10 (base 14) to base 11.
13
Convert 3 (base 15) to base 3.
10
What is 264 (base 9) in base 16?
dc
Convert -31 (base 6) to base 8.
-23
120 (base 5) to base 2
100011
Convert 10 (base 9) to base 6.
13
What is 325 (base 6) in base 4?
1331
What is 10000 (base 3) in base 2?
1010001
Convert 11 (base 12) to base 4.
31
Convert -1b (base 14) to base 5.
-100
Convert 10101001 (base 2) to base 12.
121
What is 3 (base 15) in base 6?
3
Convert -3 (base 9) to base 15.
-3
Convert -49 (base 12) to base 9.
-63
-1011110 (base 2) to base 14
-6a
Convert -44 (base 7) to base 15.
-22
What is -326 (base 8) in base 2?
-11010110
100001 (base 2) to base 5
113
-1 (base 4) to base 10
-1
110 (base 2) to base 11
6
What is -221 (base 7) in base 4?
-1301
What is 0 (base 6) in base 2?
0
Convert -65 (base 8) to base 2.
-110101
Convert -301 (base 5) to base 7.
-136
-b (base 13) to base 15
-b
What is -2 (base 7) in base 11?
-2
-120 (base 3) to base 6
-23
What is -158 (base 9) in base 16?
-86
-a (base 12) to base 10
-10
Convert 0 (base 5) to base 3.
0
1a (base 15) to base 2
11001
What is 1 (base 10) in base 2?
1
Convert -4 (base 12) to base 15.
-4
-74 (base 14) to base 16
-66
What is 1020 (base 4) in base 13?
57
What is 111 (base 2) in base 12?
7
What is 7 (base 9) in base 13?
7
25 (base 6) to base 10
17
-11 (base 3) to base 15
-4
-2 (base 15) to base 9
-2
Convert 1 (base 6) to base 7.
1
Convert 2 (base 7) to base 8.
2
-1 (base 16) to base 14
-1
-14 (base 9) to base 6
-21
3 (base 13) to base 5
3
Convert 6 (base 7) to base 2.
110
What is 23 (base 5) in base 8?
15
What is 43 (base 5) in base 7?
32
-11011 (base 3) to base 13
-88
95 (base 10) to base 3
10112
What is -3 (base 5) in base 6?
-3
-142 (base 8) to base 10
-98
What is 333 (base 4) in base 8?
77
Convert 231 (base 5) to base 15.
46
Convert -100 (base 2) to base 16.
-4
Convert b9 (base 12) to base 10.
141
-10 (base 7) to base 4
-13
What is -4 (base 7) in base 13?
-4
What is 111 (base 3) in base 5?
23
Convert -5 (base 7) to base 2.
-101
Convert 234 (base 6) to base 5.
334
Convert -54 (base 12) to base 10.
-64
Convert 123 (base 15) to base 5.
2013
What is -220 (base 6) in base 12?
-70
Convert -30a (base 12) to base 6.
-2014
Convert -7 (base 10) to base 5.
-12
2 (base 11) to base 15
2
What is -15 (base 11) in base 5?
-31
Convert 10012 (base 3) to base 16.
56
-422 (base 7) to base 11
-183
-11 (base 16) to base 9
-18
Convert 0 (base 13) to base 4.
0
-3 (base 9) to base 11
-3
Convert 2 (base 3) to base 7.
2
What is 2 (base 15) in base 16?
2
What is -110101 (